{"id":117,"date":"2020-09-25T21:50:03","date_gmt":"2020-09-25T19:50:03","guid":{"rendered":"https:\/\/afainsvalldellemena.wordpress.com\/?page_id=117"},"modified":"2022-03-24T21:47:48","modified_gmt":"2022-03-24T21:47:48","slug":"reutilitzacio-de-llibres","status":"publish","type":"page","link":"http:\/\/afainsvalldellemena.cat\/index.php\/reutilitzacio-de-llibres\/","title":{"rendered":"Reutilitzaci\u00f3 de llibres"},"content":{"rendered":"\n<div class=\"wp-block-media-text alignwide is-stacked-on-mobile\" style=\"grid-template-columns:15% auto\"><figure class=\"wp-block-media-text__media\"><img loading=\"lazy\" width=\"867\" height=\"1300\" src=\"http:\/\/afainsvalldellemena.cat\/wp-content\/uploads\/2020\/09\/pexels-photo-1148399.jpeg\" alt=\"\" class=\"wp-image-175\" srcset=\"http:\/\/afainsvalldellemena.cat\/wp-content\/uploads\/2020\/09\/pexels-photo-1148399.jpeg 867w, http:\/\/afainsvalldellemena.cat\/wp-content\/uploads\/2020\/09\/pexels-photo-1148399-200x300.jpeg 200w, http:\/\/afainsvalldellemena.cat\/wp-content\/uploads\/2020\/09\/pexels-photo-1148399-683x1024.jpeg 683w, http:\/\/afainsvalldellemena.cat\/wp-content\/uploads\/2020\/09\/pexels-photo-1148399-768x1152.jpeg 768w\" sizes=\"(max-width: 867px) 100vw, 867px\" \/><\/figure><div class=\"wp-block-media-text__content\">\n<p class=\"has-large-font-size\"><em>&#8220;\u00c9s un projecte que ens beneficia a tots: fam\u00edlies, alumnes i medi ambient&#8221;<\/em><\/p>\n<\/div><\/div>\n\n\n\n<p>El projecte de reutilitzaci\u00f3 de llibres consisteix en adquirir, a trav\u00e9s d\u2019ajudes i l\u2019AFA, alguns llibres de text que ha d\u2019utilitzar l\u2019alumnat durant el curs. Els i les alumnes utilitzen els llibres al llarg del curs escolar, tenint-ne cura i essent-ne responsables. Al final de curs, els llibres s\u00f3n repassats primer per cada fam\u00edlia, despr\u00e9s a l\u2019escola pel professorat\u00a0 i un \u00faltim rep\u00e0s el fa la Comissi\u00f3 de Llibres i es deixen a punt per poder-los reutilitzar el curs vinent.<\/p>\n\n\n\n<p>Els llibres comprats s\u2019utilitzen un m\u00ednim de quatre anys lectius, per tant passen per diferents alumnes al llarg dels cursos.<\/p>\n\n\n\n<p>\u00c9s un projecte que <strong>ens beneficia a tots i totes<\/strong>: <strong>econ\u00f2micament <\/strong>a les fam\u00edlies, perqu\u00e8 estalvia la compra de molts dels llibres que necessiten els nostres fills i filles, <strong>educativament <\/strong>responsabilitza a l\u2019alumnat del material com\u00fa i <strong>ecol\u00f2gicament<\/strong> suposa un estalvi de recursos naturals.<\/p>\n\n\n\n<p>Com a condici\u00f3 per poder formar part del projecte i tirar-lo endavant, cal un respecte estricte. Aquestes s\u00f3n les normes b\u00e0siques:<\/p>\n\n\n\n<ol><li>Els llibres del projecte no poden ser guixats, subratllats ni malmesos.<\/li><\/ol>\n\n\n\n<ol start=\"2\"><li>En cas de p\u00e8rdua del llibre o en cas de detectar un llibre malm\u00e8s intencionadament, la fam\u00edlia ha d\u2019abonar l\u2019import del llibre que s\u2019haur\u00e0 de restaurar, amb els criteris seg\u00fcents: si el llibre \u00e9s nou, s\u2019abonar\u00e0 el 100% del valor, si \u00e9s el segon any que s\u2019utilitza se\u2019n pagar\u00e0 el 75%, si \u00e9s el tercer any se\u2019n pagar\u00e0 el 50% i si \u00e9s el quart any s\u2019abonar\u00e0 el 25% del valor del llibre. Es cobren els desperfectes als implicats mitjan\u00e7ant una notificaci\u00f3 personalitzada. Donat aquest cas l\u2019abonament de l\u2019import del llibre \u00e9s condici\u00f3 inexcusable per continuar formant part del programa.<\/li><\/ol>\n\n\n\n<p><strong>Per poder formar part del programa<\/strong> de reutilitzaci\u00f3 de llibres <strong>cal estar al dia dels pagaments de la quota de l\u2019AFA i haver pagat la quota de lloguer corresponent.<\/strong> La fam\u00edlia que prefereixi comprar els llibres als seus fills i tenir-los en propietat ho pot fer, ja que la participaci\u00f3 en aquest projecte \u00e9s volunt\u00e0ria. Agrairem, per\u00f2, que aviseu a l\u2019Institut per no comprar material de m\u00e9s.<\/p>\n\n\n\n<p>Quan s\u2019acosta el final de curs cal repassar novament els llibres. En fer el rep\u00e0s dels llibres us demanem especial cura i comprensi\u00f3 en les tasques d\u2019esborrar, repassar la coberta i arranjar els llibres prestats que han estat utilitzant els vostres fills i filles. S\u2019han de repassar tots els llibres prestats a casa i tornar-los abans de final de curs al tutor\/a nets, tal i com ens agradaria trobar-los el curs vinent.<\/p>\n\n\n\n<p>Per poder portar endavant aquest projecte <strong>ens cal la col\u00b7laboraci\u00f3 de les fam\u00edlies i dels mateixos alumnes<\/strong>, ja que<strong> tots ens en beneficiem. <\/strong>Per fer tangible aquest comprom\u00eds us demanem la signatura d\u2019un comprom\u00eds entre cada alumne\/a, les fam\u00edlies i la Comissi\u00f3 de Llibres. Cal que totes les fam\u00edlies i tots els alumnes coneguin els avantatges del projecte i n\u2019acceptin les condicions per pert\u00e0nyer-hi.<\/p>\n\n\n\n<p>Cal doncs que mares, pares i alumnes llegiu i signeu aquest comprom\u00eds que us adjuntem a l\u2019inici de cada curs escolar. Tamb\u00e9 el podeu trobar a la nostra web per poder continuar formant part del projecte i beneficiar-vos-en. La signatura del document comporta l\u2019acceptaci\u00f3 del projecte per a tota la vida escolar de l\u2019alumne\/a a l\u2019Institut Vall de Ll\u00e9mena; en cas de voler donar-se de baixa del projecte la fam\u00edlia ho notificar\u00e0 a l\u2019AFA.<\/p>\n\n\n\n<hr class=\"wp-block-separator is-style-dots\"\/>\n\n\n\n<h2>Documents<\/h2>\n\n\n\n<ul><li><a rel=\"noreferrer noopener\" href=\"https:\/\/drive.google.com\/file\/d\/0B7IuAxSSKDWQbVJxSGpjeDRWWVU\/view\" target=\"_blank\">Informaci\u00f3 del programa de reutilitzaci\u00f3 de llibres<\/a><\/li><li><a href=\"https:\/\/drive.google.com\/open?id=0B7IuAxSSKDWQdE5uZ01NRlBnQVU\" target=\"_blank\" rel=\"noreferrer noopener\">Comprom\u00eds Familiar amb el programa de reutilitzaci\u00f3 de llibres<\/a><\/li><\/ul>\n\n\n\n<p><\/p>\n","protected":false},"excerpt":{"rendered":"<p>&#8220;\u00c9s un projecte que ens beneficia a tots: fam\u00edlies, alumnes i medi ambient&#8221; El projecte de reutilitzaci\u00f3 de llibres consisteix en adquirir, a trav\u00e9s d\u2019ajudes i l\u2019AFA, alguns llibres de text que ha d\u2019utilitzar l\u2019alumnat durant el curs. Els i les alumnes utilitzen els llibres al llarg del curs escolar, tenint-ne cura i essent-ne responsables.<a class=\"more-link\" href=\"http:\/\/afainsvalldellemena.cat\/index.php\/reutilitzacio-de-llibres\/\">Continue reading <span class=\"screen-reader-text\">&#8220;Reutilitzaci\u00f3 de llibres&#8221;<\/span><\/a><\/p>\n","protected":false},"author":1,"featured_media":0,"parent":0,"menu_order":0,"comment_status":"closed","ping_status":"closed","template":"","meta":[],"_links":{"self":[{"href":"http:\/\/afainsvalldellemena.cat\/index.php\/wp-json\/wp\/v2\/pages\/117"}],"collection":[{"href":"http:\/\/afainsvalldellemena.cat\/index.php\/wp-json\/wp\/v2\/pages"}],"about":[{"href":"http:\/\/afainsvalldellemena.cat\/index.php\/wp-json\/wp\/v2\/types\/page"}],"author":[{"embeddable":true,"href":"http:\/\/afainsvalldellemena.cat\/index.php\/wp-json\/wp\/v2\/users\/1"}],"replies":[{"embeddable":true,"href":"http:\/\/afainsvalldellemena.cat\/index.php\/wp-json\/wp\/v2\/comments?post=117"}],"version-history":[{"count":2,"href":"http:\/\/afainsvalldellemena.cat\/index.php\/wp-json\/wp\/v2\/pages\/117\/revisions"}],"predecessor-version":[{"id":253,"href":"http:\/\/afainsvalldellemena.cat\/index.php\/wp-json\/wp\/v2\/pages\/117\/revisions\/253"}],"wp:attachment":[{"href":"http:\/\/afainsvalldellemena.cat\/index.php\/wp-json\/wp\/v2\/media?parent=117"}],"curies":[{"name":"wp","href":"https:\/\/api.w.org\/{rel}","templated":true}]}}

Reutilització de llibres

<div class="wp-block-media-text alignwide is-stacked-on-mobile" style="grid-template-columns:15% auto"><figure class="wp-block-media-text__media"><img loading="lazy" width="867" height="1300" src="http://afainsvalldellemena.cat/wp-content/uploads/2020/09/pexels-photo-1148399.jpeg" alt="" class="wp-image-175" srcset="http://afainsvalldellemena.cat/wp-content/uploads/2020/09/pexels-photo-1148399.jpeg 867w, http://afainsvalldellemena.cat/wp-content/uploads/2020/09/pexels-photo-1148399-200x300.jpeg 200w, http://afainsvalldellemena.cat/wp-content/uploads/2020/09/pexels-photo-1148399-683x1024.jpeg 683w, http://afainsvalldellemena.cat/wp-content/uploads/2020/09/pexels-photo-1148399-768x1152.jpeg 768w" sizes="(max-width: 867px) 100vw, 867px" /></figure><div class="wp-block-media-text__content">
<p class="has-large-font-size"><em>&#8220;És un projecte que ens beneficia a tots: famílies, alumnes i medi ambient&#8221;</em></p>
</div></div>



<p>El projecte de reutilització de llibres consisteix en adquirir, a través d’ajudes i l’AFA, alguns llibres de text que ha d’utilitzar l’alumnat durant el curs. Els i les alumnes utilitzen els llibres al llarg del curs escolar, tenint-ne cura i essent-ne responsables. Al final de curs, els llibres són repassats primer per cada família, després a l’escola pel professorat  i un últim repàs el fa la Comissió de Llibres i es deixen a punt per poder-los reutilitzar el curs vinent.</p>



<p>Els llibres comprats s’utilitzen un mínim de quatre anys lectius, per tant passen per diferents alumnes al llarg dels cursos.</p>



<p>És un projecte que <strong>ens beneficia a tots i totes</strong>: <strong>econòmicament </strong>a les famílies, perquè estalvia la compra de molts dels llibres que necessiten els nostres fills i filles, <strong>educativament </strong>responsabilitza a l’alumnat del material comú i <strong>ecològicament</strong> suposa un estalvi de recursos naturals.</p>



<p>Com a condició per poder formar part del projecte i tirar-lo endavant, cal un respecte estricte. Aquestes són les normes bàsiques:</p>



<ol><li>Els llibres del projecte no poden ser guixats, subratllats ni malmesos.</li></ol>



<ol start="2"><li>En cas de pèrdua del llibre o en cas de detectar un llibre malmès intencionadament, la família ha d’abonar l’import del llibre que s’haurà de restaurar, amb els criteris següents: si el llibre és nou, s’abonarà el 100% del valor, si és el segon any que s’utilitza se’n pagarà el 75%, si és el tercer any se’n pagarà el 50% i si és el quart any s’abonarà el 25% del valor del llibre. Es cobren els desperfectes als implicats mitjançant una notificació personalitzada. Donat aquest cas l’abonament de l’import del llibre és condició inexcusable per continuar formant part del programa.</li></ol>



<p><strong>Per poder formar part del programa</strong> de reutilització de llibres <strong>cal estar al dia dels pagaments de la quota de l’AFA i haver pagat la quota de lloguer corresponent.</strong> La família que prefereixi comprar els llibres als seus fills i tenir-los en propietat ho pot fer, ja que la participació en aquest projecte és voluntària. Agrairem, però, que aviseu a l’Institut per no comprar material de més.</p>



<p>Quan s’acosta el final de curs cal repassar novament els llibres. En fer el repàs dels llibres us demanem especial cura i comprensió en les tasques d’esborrar, repassar la coberta i arranjar els llibres prestats que han estat utilitzant els vostres fills i filles. S’han de repassar tots els llibres prestats a casa i tornar-los abans de final de curs al tutor/a nets, tal i com ens agradaria trobar-los el curs vinent.</p>



<p>Per poder portar endavant aquest projecte <strong>ens cal la col·laboració de les famílies i dels mateixos alumnes</strong>, ja que<strong> tots ens en beneficiem. </strong>Per fer tangible aquest compromís us demanem la signatura d’un compromís entre cada alumne/a, les famílies i la Comissió de Llibres. Cal que totes les famílies i tots els alumnes coneguin els avantatges del projecte i n’acceptin les condicions per pertànyer-hi.</p>



<p>Cal doncs que mares, pares i alumnes llegiu i signeu aquest compromís que us adjuntem a l’inici de cada curs escolar. També el podeu trobar a la nostra web per poder continuar formant part del projecte i beneficiar-vos-en. La signatura del document comporta l’acceptació del projecte per a tota la vida escolar de l’alumne/a a l’Institut Vall de Llémena; en cas de voler donar-se de baixa del projecte la família ho notificarà a l’AFA.</p>



<hr class="wp-block-separator is-style-dots"/>



<h2>Documents</h2>



<ul><li><a rel="noreferrer noopener" href="https://drive.google.com/file/d/0B7IuAxSSKDWQbVJxSGpjeDRWWVU/view" target="_blank">Informació del programa de reutilització de llibres</a></li><li><a href="https://drive.google.com/open?id=0B7IuAxSSKDWQdE5uZ01NRlBnQVU" target="_blank" rel="noreferrer noopener">Compromís Familiar amb el programa de reutilització de llibres</a></li></ul>



<p></p>

<p>&#8220;És un projecte que ens beneficia a tots: famílies, alumnes i medi ambient&#8221; El projecte de reutilització de llibres consisteix en adquirir, a través d’ajudes i l’AFA, alguns llibres de text que ha d’utilitzar l’alumnat durant el curs. Els i les alumnes utilitzen els llibres al llarg del curs escolar, tenint-ne cura i essent-ne responsables.<a class="more-link" href="http://afainsvalldellemena.cat/index.php/reutilitzacio-de-llibres/">Continue reading <span class="screen-reader-text">&#8220;Reutilització de llibres&#8221;</span></a></p>
