{"id":57,"date":"2020-09-24T19:08:33","date_gmt":"2020-09-24T17:08:33","guid":{"rendered":"https:\/\/afainsvalldellemena.wordpress.com\/?page_id=57"},"modified":"2022-03-24T21:47:48","modified_gmt":"2022-03-24T21:47:48","slug":"qui-som","status":"publish","type":"page","link":"http:\/\/afainsvalldellemena.cat\/index.php\/qui-som\/","title":{"rendered":"Qui som?"},"content":{"rendered":"\n<p>L\u2019Associaci\u00f3 de Fam\u00edlies d\u2019Alumnes de l\u2019Institut de la Vall de Ll\u00e9mena \u00e9s una associaci\u00f3 amb n\u00famero de NIF: <strong>G-55209811\u00a0<\/strong> formada en assemblea constituent el dia 19 de juny del 2014 i inscrita amb denominaci\u00f3 de <em><strong>Associaci\u00f3 de Mares i Pares de l\u2019 Institut de Sant Gregori,<\/strong><\/em> inscrita amb el n\u00famero 54790 en la secci\u00f3 1era del Registre de Girona del Departament de Just\u00edcia de la Generalitat de Catalunya.<\/p>\n\n\n\n<p>La seva denominaci\u00f3 definitiva la prengu\u00e9 en adquirir-la tamb\u00e9 el mateix Institut de la Vall de Ll\u00e9mena. El seu domicili \u00e9s la Pla\u00e7a Rafael Mas\u00f3 s\/n (edifici de l\u2019 Institut) CP 17150 de Sant Gregori (Girona).<\/p>\n\n\n\n<p>La formen les fam\u00edlies dels alumnes de l\u2019Institut de la Vall de Ll\u00e9mena que ho desitgen, amb \u00e0mbit d\u2019actuaci\u00f3 a la Vall de Ll\u00e9mena i comarca del Giron\u00e8s i els seus objectius, recollits en els seus ESTATUTS, es centren en tots aquells aspectes que contribueixin a la formaci\u00f3 i educaci\u00f3 dels alumnes.&nbsp;<\/p>\n\n\n\n<p>El mail de contacte \u00e9s <strong><a href=\"mailto:afainsvalldellemena@gmail.com\">afainsvalldellemena@gmail.com<\/a><\/strong><\/p>\n\n\n\n<p>L\u2019entitat no disposa de tel\u00e8fon propi ni d\u2019horari d\u2019atenci\u00f3 al p\u00fablic, per\u00f2 la Junta intenta donar resposta a qualsevol petici\u00f3 el m\u00e9s aviat possible.<\/p>\n\n\n\n<p>L\u2019entitat \u00e9s <strong>adscrita a la FAPAC <\/strong>(Federaci\u00f3 d\u2019Associacions de Mares i Pares de Catalunya<\/p>\n\n\n\n<p>L\u2019\u00f2rgan de govern de l\u2019Associaci\u00f3 \u00e9s la seva Assemblea de Socis, que \u00e9s reuneix amb periodicitat m\u00ednima anual i escull la seva junta amb vig\u00e8ncia de dos anys.<\/p>\n\n\n\n<hr class=\"wp-block-separator\"\/>\n\n\n\n<h2>Documents<\/h2>\n\n\n\n<div class=\"wp-block-file\"><a href=\"http:\/\/afainsvalldellemena.cat\/wp-content\/uploads\/2020\/09\/1era-JUNTA-AFA-INSTITUT-DE-LA-VALL-DE-LLEMENA.pdf\"><strong>1a Junta AFA Institut Vall de Ll\u00e9mena<\/strong><\/a><a href=\"http:\/\/afainsvalldellemena.cat\/wp-content\/uploads\/2020\/09\/1era-JUNTA-AFA-INSTITUT-DE-LA-VALL-DE-LLEMENA.pdf\" class=\"wp-block-file__button\" download>OBRE<\/a><\/div>\n\n\n\n<div class=\"wp-block-file\"><a href=\"http:\/\/afainsvalldellemena.cat\/wp-content\/uploads\/2020\/09\/2ona-JUNTA-AFA-INSTITUT-DE-LA-VALL-DE-LLEMENA.pdf\"><strong>2a Junta AFA Institut Vall de Ll\u00e9mena<\/strong><\/a><a href=\"http:\/\/afainsvalldellemena.cat\/wp-content\/uploads\/2020\/09\/2ona-JUNTA-AFA-INSTITUT-DE-LA-VALL-DE-LLEMENA.pdf\" class=\"wp-block-file__button\" download>obre<\/a><\/div>\n\n\n\n<div class=\"wp-block-file\"><a href=\"http:\/\/afainsvalldellemena.cat\/wp-content\/uploads\/2020\/09\/3era-JUNTA-AFA-INSTITUT-DE-LA-VALL-DE-LLEMENA.pdf\"><strong>3a Junta AFA Institut Vall de Ll\u00e9mena<\/strong><\/a><a href=\"http:\/\/afainsvalldellemena.cat\/wp-content\/uploads\/2020\/09\/3era-JUNTA-AFA-INSTITUT-DE-LA-VALL-DE-LLEMENA.pdf\" class=\"wp-block-file__button\" download>obre<\/a><\/div>\n\n\n\n<p><\/p>\n","protected":false},"excerpt":{"rendered":"<p>L\u2019Associaci\u00f3 de Fam\u00edlies d\u2019Alumnes de l\u2019Institut de la Vall de Ll\u00e9mena \u00e9s una associaci\u00f3 amb n\u00famero de NIF: G-55209811\u00a0 formada en assemblea constituent el dia 19 de juny del 2014 i inscrita amb denominaci\u00f3 de Associaci\u00f3 de Mares i Pares de l\u2019 Institut de Sant Gregori, inscrita amb el n\u00famero 54790 en la secci\u00f3 1era<a class=\"more-link\" href=\"http:\/\/afainsvalldellemena.cat\/index.php\/qui-som\/\">Continue reading <span class=\"screen-reader-text\">&#8220;Qui som?&#8221;<\/span><\/a><\/p>\n","protected":false},"author":1,"featured_media":0,"parent":0,"menu_order":0,"comment_status":"closed","ping_status":"closed","template":"","meta":[],"_links":{"self":[{"href":"http:\/\/afainsvalldellemena.cat\/index.php\/wp-json\/wp\/v2\/pages\/57"}],"collection":[{"href":"http:\/\/afainsvalldellemena.cat\/index.php\/wp-json\/wp\/v2\/pages"}],"about":[{"href":"http:\/\/afainsvalldellemena.cat\/index.php\/wp-json\/wp\/v2\/types\/page"}],"author":[{"embeddable":true,"href":"http:\/\/afainsvalldellemena.cat\/index.php\/wp-json\/wp\/v2\/users\/1"}],"replies":[{"embeddable":true,"href":"http:\/\/afainsvalldellemena.cat\/index.php\/wp-json\/wp\/v2\/comments?post=57"}],"version-history":[{"count":4,"href":"http:\/\/afainsvalldellemena.cat\/index.php\/wp-json\/wp\/v2\/pages\/57\/revisions"}],"predecessor-version":[{"id":251,"href":"http:\/\/afainsvalldellemena.cat\/index.php\/wp-json\/wp\/v2\/pages\/57\/revisions\/251"}],"wp:attachment":[{"href":"http:\/\/afainsvalldellemena.cat\/index.php\/wp-json\/wp\/v2\/media?parent=57"}],"curies":[{"name":"wp","href":"https:\/\/api.w.org\/{rel}","templated":true}]}}